 u(d) = -3*d**2 + 7*d + 9. Let o(s) = s**2 - 1. Let w(z) = 4*o(z) + u(z). What is w(r)?
5
Let o(m) = -47*m + 6*m**2 - m + m**3 + 56*m - 4. Calculate o(-5).
-19
Let u(f) = 4 + f**2 + 2 + 9*f**3 + f - 4. Let v(c) = c**3 + c**2 + c + 1. Let a(j) = u(j) - 3*v(j). Suppose 0 = -5*k + p - 2, p + 5 = -5*k - 3. Calculate a(k).
-7
Let z(n) = -n**3 - 2*n**2 + n + 2. Let r be z(-3). Let t = 350 + -338. Let j(l) = -2878*l - 3 + 2877*l + t. Give j(r).
1
Let l(d) = -61*d**3 + 442 + 2*d**2 + 94*d**3 - 444 - 51*d**3. What is l(-1)?
18
Let h(s) = 3*s**3 - 2*s**2 - 7*s - 1. Suppose 176*x - 196*x + 31 = -29. Calculate h(x).
41
Let w(a) = -a**3 + 9*a**2 + 6*a + 7. Let v be -10 + 22 - (-2 + 4). Calculate w(v).
-33
Let v = 4566 - 4599. Let b(x) = 2*x**2 + 67*x + 36. What is b(v)?
3
Let r(j) = -9*j + 3*j + 25*j - 23*j + 73. Determine r(0).
73
Let o(a) be the first derivative of -a**3/3 + 11*a**2 - 97*a + 178. What is o(16)?
-1
Let a(i) = i. Let l be a(2). Suppose 4*r - l*d = 20, d = -3*r - r + 8. Let k(q) = 27*q + 4 - 6*q - 8*q - 5*q - 3*q. Calculate k(r).
19
Let k be (-12)/(-7)*10/(-6)*(-896)/640. Let w(u) = -u**3 + 3*u**2 - 18*u + 95. Give w(k).
7
Let f(m) = 2*m + 2. Let g(o) = -o**2 + 5*o - 20. Let s(a) = -2*a - 13. Let h be s(-9). Let l(c) = h*f(c) + g(c). Give l(13).
16
Let w be 3/2*6/9. Let g(x) = 15*x + 7. Let d(t) = 30*t + 18. Suppose -6*b + 171 = 141. Let q(k) = b*g(k) - 2*d(k). Calculate q(w).
14
Let n(l) = -l**2 - 7*l + 77. Let i be n(6). Let r be 2/(-4 + (-8)/i)*-2. Let c(s) = 17*s - 1. What is c(r)?
-18
Let j(c) be the first derivative of -c**2/2 + 7*c - 68. Let l(k) = k**3 - k**2 - 2. Let f be l(2). Suppose -5*p + 0 = -2*y + 2, 18 = f*y + 3*p. What is j(y)?
1
Let l = -12 + 7. Let f(j) = -7*j + 4. Let m be 4 - (9 + -14 + 3). Let b(d) = -8*d + 4. Let i(z) = l*b(z) + m*f(z). Calculate i(-7).
18
Let y(x) = -x**2 - 9*x + 25. Let o be y(-11). Let d(n) = 21 - n - 7 - 11 - o. Give d(5).
-5
Let j(x) = 2*x**3 - 7*x**2 - 11*x + 26. Suppose 5*r = 2*l + 17, -2*r = 4*l - 5*l - 6. Give j(l).
-2
Let z(m) = -14 + 3*m - 2*m + m**2 + 3. Let j = -19922 + 19922. What is z(j)?
-11
Suppose 5*f + 0 = -5, 0 = -3*w - 2*f - 35. Let l(n) = n**3 + 10*n**2 - 6*n + 5. Give l(w).
-50
Let w(p) = -p**3 + 9*p**2 + 5*p + 14. Let f(r) be the second derivative of -r**4/12 - 3*r**3/2 + 5*r**2 - r + 48. Let u be f(-9). Determine w(u).
-36
Let k = 6279 - 18836/3. Let x(p) be the first derivative of 11 + 4*p - 3*p**2 + k*p**3. What is x(4)?
-4
Let j(x) = 2*x**2 - 5*x - 6. Let z be -10 + (-36)/(-15)*35/14. What is j(z)?
46
Let m(q) = -2*q**3 + 9*q**2 + 8*q - 12. Let o be 1/(17/(-1615)*-19). Calculate m(o).
3
Let m(i) be the first derivative of 1/2*i**2 + 2*i + 7. Suppose -y = 4*y + 2*o - 21, y - 6 = -o. Determine m(y).
5
Suppose 1350 = 2*g - 282. Let p(h) = -g*h + 18 + 1637*h - 822*h - 2. Let i(u) = -u**3 - 5*u**2 + 6*u. Let t be i(-6). What is p(t)?
16
Suppose -60 = 365*q - 371*q. Suppose -a - 3*b = -0*b - 2, 5*b - q = -a. Let s(d) = -d**3 - 9*d**2 + 8*d - 10. Calculate s(a).
10
Let c = 387 - 385. Let i be 4 + 0 - (c + (-8 - -11)). Let w(x) = 15*x. Calculate w(i).
-15
Let w(b) = b + 1. Suppose 11*t + 388 = 13*t. Let o = t + -194. Determine w(o).
1
Let j(t) be the second derivative of -t**3/6 - 6*t**2 - 12*t - 116. Suppose 23 = -5*y + m + 2*m, -5*m = 20. Give j(y).
-5
Let y(b) = -38 - 38 + 68 - 9*b**2 - 3*b**2 + 17*b + 11*b**2. What is y(19)?
-46
Let v(t) = 13*t**3 - 43*t**2 + 45*t - 7. Let r(m) = 18*m**3 - 65*m**2 + 68*m - 10. Let k(w) = -5*r(w) + 7*v(w). Determine k(-25).
1
Let a = -159 + 162. Let v(b) = -190*b**3 + 0*b**2 - 9 - 10*b**2 + 189*b**a - 10*b. Let q = -18 - -9. Give v(q).
0
Let j(k) be the first derivative of 7*k**2/2 - 2*k + 11. Let w(p) = 5*p - 2. Let d(b) = 3*j(b) - 4*w(b). Calculate d(5).
7
Suppose 6*j = 5*j. Suppose -2*p + 17 = 3*c, c + 3*p = -3*c + 23. Let d(g) = 2 - 2*g - 3 - 7 + g - g**2 + c. Give d(j).
-3
Let s(q) = -q + 14. Suppose 12 = 11*i + 45. Let o(c) = c - 19. Let d(w) = -1. Let x(y) = -4*d(y) + o(y). Let g(v) = i*x(v) - 4*s(v). What is g(7)?
-4
Let d(i) = -9*i - 34. Let c(y) = y**3 + 14*y**2 - 55*y - 75. Let n be c(-17). Give d(n).
29
Let t(g) = -19 - 31469*g + 31440*g - g**2 - 18. Calculate t(-26).
41
Let r(w) = 6 + 50 + 273*w + 31*w. Let l(o) = -3 - 10*o + 0 - 6*o. Let y(k) = 56*l(k) + 3*r(k). Give y(1).
16
Let j(w) = w**2. Let n(m) = -8*m**2 + 11*m + 5. Let v(q) = 10*q**2 - 13*q - 7. Let c(u) = -3*n(u) - 2*v(u). Let a(o) = -c(o) + 6*j(o). Give a(-6).
31
Let t be 17/9 - 1/(-9). Let c be (-4)/t*(13/2)/13. Let l(g) = 19*g**2. Give l(c).
19
Let x(u) = 5*u + 38. Suppose 1158 = z - 85*z + 66. Give x(z).
-27
Let g(l) = -l**2 + 10*l - 10. Suppose 0 = 5*a - 7*a - 2. Let i(c) = -3*c**3. Let q be i(a). Suppose -30 = -5*o - 2*h, o - q*o + 41 = -5*h. Determine g(o).
6
Let t(c) = -13*c**2 - 5*c + 2. Suppose 1719 - 1509 = -105*r. Determine t(r).
-40
Let m(u) = 75 - 25*u - 16 + 137*u**2 + 136*u**2 - u**3 - 249*u**2 - 41*u. Determine m(21).
-4
Let x(r) = r**3 + r**2 + 4*r - 4. Suppose -102 = 2*z + 16. Let n = -56 - z. Let t(g) = g. Let m(s) = n*t(s) - x(s). Calculate m(0).
4
Let g(o) = o**3 - 3*o**2 + 6*o - 10. Suppose -112*m = 39*m - 755. Give g(m).
70
Let w(h) = -94 + 282 - 85 + 8*h - 77. What is w(-4)?
-6
Let f(z) = -26*z - 15. Let a(r) = -13*r - 8. Let n(l) = 13*a(l) - 6*f(l). Let i be n(-5). Let m = i - 52. Let j(v) = 10*v**3 + v**2 + 2*v + 1. Determine j(m).
-10
Let m(d) = -d**2 + 9*d - 9. Let j(g) = -4*g + g**3 + 19*g + 0*g**2 + 59 + 8*g**2 + 4. Let v be j(-7). Determine m(v).
5
Let i(z) be the first derivative of -3*z**2 + 57*z + 721. Give i(7).
15
Let y(k) = -8*k + 37. Let d be (1 + (-14)/6)/(13/(-78)). Determine y(d).
-27
Let w(b) = -2*b**2 + 2*b + 1. Let p = 925 + -923. What is w(p)?
-3
Let f(i) = 2*i + 33. Let b be f(-14). Let k(w) = -w - 2*w**3 - 3 + 3*w**3 - b*w + 5*w. What is k(3)?
21
Let j(l) = 5*l + 0*l + 5*l - 1 - 5*l - 4*l. Let c be (1 + -13)*(-23)/46. What is j(c)?
5
Let g = -41/36 - -25/18. Let i(x) be the first derivative of g*x**4 - 8/3*x**3 + 9/2*x**2 + 11 + 2*x. What is i(7)?
16
Suppose 148 = -2*h + 2*v, h - 4*v + 80 = -v. Let c = h + 73. Let y(u) = -u**2 - 8*u - 3 - 2*u**2 - u**c + 5*u**2. Determine y(8).
-3
Let w(l) = -2*l - 1. Let s(o) = -5*o - 2. Let h(m) = 6*s(m) - 13*w(m). Suppose 4 = k, 0 = 2*y - k - 8 + 10. Determine h(y).
-3
Let k(p) = -15477 + 7735 + 7740 + 14*p. Determine k(0).
-2
Let c(w) = -4*w**2 + 8*w - 4 + 4*w**2 - w**2. Suppose -2*g - 26 = -5*f, -48*g + 45*g = -f - 13. Determine c(g).
3
Let q(k) = k**2 + 5*k + 2. Let p = 285 + -278. Suppose 3*s = -p + 1. What is q(s)?
-4
Let r(p) = -p**3 + 10*p**2 - 14*p - 27. Suppose 0 = 54*f + 187*f - 78*f - 1304. What is r(f)?
-11
Let z(j) be the first derivative of 2*j**3/3 + 6*j**2 + 14*j - 52. Let n be 2*(-2*2 + 2). Let o be z(n). Let a(t) = -2*t**3 - 3*t**2 - 2*t - 1. What is a(o)?
7
Let v(k) = 5*k**3 - 11*k**2 - 4*k - 16. Let z(u) = -9*u**3 + 21*u**2 + 8*u + 30. Let p(i) = 11*v(i) + 6*z(i). Let c be p(-4). Let n(a) = -2*a + 7. What is n(c)?
-1
Let c(q) be the third derivative of 4/3*q**3 + 7*q**2 + 0*q + 1/3*q**4 + 1/60*q**5 - 3. Calculate c(-7).
1
Let a(b) = -b**3 + 0*b - 6*b - 117 - 122 - 120 + 362. Give a(-4).
91
Suppose -3*u = -5*b - 31, -11*u = -7*u + 4*b - 20. Suppose -10*m = -u*m. Let j(k) be the second derivative of k**3/6 + 3*k**2/2 - k. Calculate j(m).
3
Let c(i) = 7*i**2 - 1. Let h be (7 - 15) + -3 + 4. Let p(b) = 2*b**3 + 15*b**2 + 10*b + 20. Let u be p(h). Calculate c(u).
6
Let s = -4 + 1. Let i(g) be the first derivative of 2*g**2 - 4*g - 1250. Give i(s).
-16
Let b(z) be the second derivative of -5*z**3/6 + z**2/2 - 2*z. Suppose -231 = d + 2*d + 4*k, 228 = -3*d - 5*k. Let r = 80 + d. Give b(r).
6
Let h(c) = -c**3 + 13*c**2 - 18*c - 37. Let s be h(11). Let f(y) = 3*y**2 - 17*y + 10. What is f(s)?
38
Let l(m) be the first derivative of -m**4/4 - 8*m**3/3 + 11*m**2/2 - 2*m - 1128. Determine l(-9).
-20
Let r(z) = 2*z**2 - 2*z - 1. Let q(d) = 11*d**3 + 2*d**2 - 3*d. Let y be q(-2). Let f = y - -76. What is r(f)?
3
Let o(g) be the third derivative of g**4/8 - 9*g**3/2 - 89*g**2. Give o(10).
3
Let o(j) = -j - 9. Let b(v) = v**3 + 3*v**2 - 2*v - 6. Suppose 13*f = 15*f - 8. Suppose 0 = f*r - 11 + 23. Let m be b(r). Calculate o(m).
-9
Let s(o) = o**3 + 3*o**2 - o. Let k(p) = -4*p**2 + 10